and 595944?
248
Calculate the greatest common factor of 460587 and 3.
3
What is the highest common divisor of 68 and 238000?
68
What is the greatest common divisor of 57002 and 66?
22
What is the greatest common factor of 900 and 93900?
300
What is the highest common factor of 165 and 416922?
33
What is the highest common factor of 39187 and 4471?
263
What is the highest common divisor of 826 and 1213807?
413
What is the greatest common divisor of 554498 and 14?
14
Calculate the highest common divisor of 145171 and 91.
13
Calculate the greatest common factor of 185 and 18019.
37
What is the greatest common divisor of 4836 and 2262?
78
Calculate the highest common divisor of 6120 and 252.
36
What is the greatest common divisor of 119 and 326179?
119
Calculate the greatest common divisor of 196 and 6924.
4
What is the greatest common divisor of 67415 and 5?
5
Calculate the highest common divisor of 21847295 and 17.
17
What is the highest common factor of 3597 and 1287?
33
Calculate the greatest common factor of 3321 and 216972.
1107
What is the highest common factor of 15405 and 300105?
195
Calculate the greatest common divisor of 9042 and 548.
274
Calculate the greatest common divisor of 75 and 31550.
25
What is the highest common divisor of 1661473 and 393?
131
What is the greatest common divisor of 153 and 1191989?
17
Calculate the highest common divisor of 849 and 5108150.
283
Calculate the highest common divisor of 55125 and 18522.
441
Calculate the highest common factor of 10759377 and 19.
19
What is the greatest common factor of 348 and 159?
3
What is the highest common factor of 21231 and 84?
21
Calculate the highest common divisor of 363 and 19470.
33
What is the highest common divisor of 73 and 5712396?
73
Calculate the greatest common factor of 29875 and 2151.
239
Calculate the greatest common factor of 60799 and 31332.
373
Calculate the greatest common factor of 480 and 74320.
80
What is the greatest common divisor of 221 and 278200?
13
What is the highest common divisor of 335 and 13505?
5
Calculate the highest common divisor of 850 and 2375.
25
Calculate the greatest common divisor of 2997 and 20169.
81
Calculate the greatest common factor of 1728 and 207552.
192
Calculate the highest common divisor of 9362 and 6191.
151
What is the greatest common factor of 25548 and 24?
12
What is the greatest common divisor of 13040 and 8?
8
What is the greatest common divisor of 56835 and 540?
135
Calculate the highest common factor of 8281 and 78.
13
Calculate the greatest common factor of 58 and 89494.
58
What is the highest common factor of 12024 and 144?
72
What is the greatest common factor of 20 and 27620?
20
What is the highest common divisor of 450 and 950?
50
Calculate the highest common divisor of 910 and 59540.
130
Calculate the greatest common factor of 24 and 1369464.
24
What is the greatest common divisor of 324 and 77859?
9
Calculate the greatest common divisor of 12008494 and 551.
551
What is the greatest common divisor of 5700 and 321100?
1900
What is the highest common factor of 3334447 and 3453?
1151
Calculate the greatest common divisor of 15711 and 28.
1
Calculate the greatest common factor of 676 and 182.
26
Calculate the highest common factor of 2850897 and 21.
21
What is the highest common divisor of 39 and 479141?
13
Calculate the highest common divisor of 1393 and 763.
7
Calculate the greatest common factor of 27552 and 2730.
42
What is the greatest common factor of 1771 and 5159?
77
Calculate the greatest common factor of 9912 and 189.
21
Calculate the greatest common factor of 1697766 and 14.
14
What is the highest common divisor of 28707 and 126?
21
Calculate the greatest common factor of 32 and 2922.
2
What is the greatest common factor of 1536 and 87360?
192
Calculate the greatest common divisor of 3618 and 4556.
134
Calculate the highest common divisor of 19094 and 2.
2
What is the greatest common divisor of 8 and 38348?
4
Calculate the highest common divisor of 2278289 and 169.
169
Calculate the highest common factor of 49949 and 199.
199
What is the highest common divisor of 1091799 and 486?
243
What is the highest common divisor of 10602 and 76?
38
Calculate the greatest common factor of 13889 and 1615.
323
Calculate the highest common factor of 2065 and 9499.
413
What is the greatest common factor of 1056 and 825?
33
Calculate the highest common factor of 82395 and 360.
45
What is the greatest common divisor of 587750 and 250?
250
Calculate the highest common factor of 713 and 690.
23
Calculate the highest common factor of 275 and 143825.
275
What is the highest common divisor of 11519 and 9?
1
Calculate the highest common factor of 24 and 12381708.
12
What is the highest common factor of 7254 and 33294?
186
What is the greatest common factor of 4697 and 27951?
77
Calculate the highest common divisor of 261312 and 1152.
192
What is the greatest common factor of 17640 and 9352?
56
Calculate the greatest common divisor of 380150 and 25.
25
What is the greatest common factor of 19038 and 86?
2
Calculate the highest common divisor of 6897 and 646.
19
What is the highest common factor of 585 and 143?
13
What is the greatest common divisor of 118271 and 4646?
101
Calculate the greatest common factor of 1872 and 152217.
117
What is the greatest common divisor of 6685 and 635?
5
Calculate the greatest common factor of 21 and 406248.
3
What is the greatest common factor of 2279891 and 1283?
1283
What is the greatest common factor of 648053 and 301?
301
What is the greatest common factor of 25760 and 1656?
184
Calculate the highest common divisor of 70344 and 612.
36
What is the greatest common divisor of 166 and 32702?
166
What is the greatest common factor of 29 and 1074653?
29
Calculate the highest common divisor of 1116785 and 557.
557
Calculate the highest common divisor of 1014 and 286455.
507
Calculate the highest common divisor of 4161 and 1311.
57
What is the highest common divisor of 679217 and 77?
77
What is the greatest common divisor of 230 and 56465?
115
What is the highest common factor of 88 and 157454?
22
What is the highest common divisor of 69 and 46?
23
What is the greatest common factor of 100 and 1884?
4
What is the highest common divisor of 626 and 57905?
313
Calculate the greatest common factor of 8050 and 2831990.
1610
Calculate the greatest common factor of 20 and 576.
4
Calculate the greatest common divisor of 984095 and 93.
31
Calculate the highest common divisor of 2090 and 9130.
110
Calculate the highest common factor of 24 and 713976.
24
What is the highest common factor of 83767 and 8734?
397
Calculate the highest common factor of 663 and 3368703.
663
What is the highest common factor of 1975 and 1154980?
395
What is the greatest common factor of 10207 and 59?
59
What is the greatest common divisor of 46872 and 567?
189
Calculate the highest common factor of 6051 and 12.
3
What is the highest common divisor of 8878 and 65234?
386
Calculate the greatest common divisor of 6183 and 540.
27
What is the highest common divisor of 357 and 23919?
357
What is the greatest common factor of 76784 and 176?
16
What is the highest common divisor of 24 and 23664?
24
Calculate the highest common factor of 1537 and 841.
29
Calculate the greatest common divisor of 7491 and 88.
11
Calculate the highest common factor of 444890 and 510.
170
Calculate the greatest common divisor of 36282 and 6.
6
What is the highest common factor of 108 and 294648?
12
Calculate the highest common divisor of 243 and 52308.
9
Calculate the greatest common factor of 100 and 1420.
20
Calculate the highest common factor of 2625927 and 3.
3
What is the greatest common divisor of 23674 and 2622?
38
What is the highest common factor of 4380503 and 53?
53
Calculate the highest common divisor of 96 and 20076.
12
What is the highest common divisor of 1014 and 71682?
78
Calculate the highest common divisor of 548 and 234818.
274
Calculate the greatest common divisor of 22971 and 13623.
57
What is the highest common factor of 14913 and 63?
9
What is the highest common divisor of 200 and 1004200?
200
Calculate the highest common divisor of 44625 and 4641.
357
What is the greatest common factor of 715000 and 26?
26
What is the greatest